t p(x) = 3*x**3 - 6*x**2 + 8*x - 6. Let l(v) = -8*v**3 + 17*v**2 - 23*v + 17. Let f(a) = -4*l(a) - 11*p(a). What is the tens digit of f(-5)?
5
What is the tens digit of -1 - (-10)/((-30)/(-6591))?
9
Let u(k) = 332*k - 2213. What is the tens digit of u(57)?
1
Suppose -5*s + t = -5762, -4*s + 0*t = -3*t - 4614. Let d = -574 + s. What is the tens digit of d?
7
Let l(i) = -2*i**3 - 6. Let d(q) = -q**2 + 3*q + 9. Let j be d(-3). What is the hundreds digit of l(j)?
4
Let a be (35/(-50)*-4)/(5/275). What is the hundreds digit of a/(-21)*(-5 - 46)?
3
What is the thousands digit of (-4)/(-98) + 49121280/5880?
8
Suppose 45*u = -6*u + 153. Suppose -u*l = 3*o - 2178, 6*o - 7*o + 3646 = 5*l. What is the units digit of l?
0
Let f = -3634 - -5451. Suppose f - 284 = 7*w. What is the hundreds digit of w?
2
Suppose 2*y - 3*m = 13, 18 = -y - 4*m + 19. What is the tens digit of (-121140)/(-450) + (-6)/y?
6
Suppose 2051 = -2*b + 3*o + 2*o, -5*o = b + 1063. What is the hundreds digit of (7 - 21/3) + b/(-2)?
5
Let r(f) = -359*f - 1621. What is the hundreds digit of r(-20)?
5
Suppose 5*n + u + 19 = 0, u + 26 = -2*n - 4*u. Let d be n - -271 - (3 + -2). Suppose 49 = 4*k - d. What is the tens digit of k?
7
Suppose 8*y + 6*y = 7*y + 21658. What is the thousands digit of y?
3
Let v(a) = 8*a**3 - 4*a**2 - 16*a + 28. Let w be v(8). Suppose 2*r + 3*r - w = 0. What is the tens digit of r?
4
Suppose -6*m - 3*l = -4*m, -3*m = -4*l - 17. Suppose -4*w - 1280 = -0*b - 5*b, m*w + 765 = 3*b. What is the units digit of b?
0
Let d be (-4 + 16/3)*2748/8. Let g = -296 + d. What is the units digit of g?
2
Let k be 1/3*(10 - 21 - -56). What is the tens digit of 31662/k + (-4 - (-80)/25)?
1
Let j(l) = -6*l**3 + l**2 - 7*l - 5. Let u(b) = 7*b**3 - 2*b**2 + 6*b + 3. Let n(w) = 3*j(w) + 2*u(w). What is the hundreds digit of n(-3)?
1
Suppose 0 = -2*p + 4*k + 8724, -4*k + 4526 - 21978 = -4*p. What is the hundreds digit of p?
3
Suppose 0 = 24*f - 21*f - 150. Suppose -n - f = -9*w + 12*w, n + w = -58. Let b = n + 239. What is the tens digit of b?
7
Suppose 0 = -j + 5*k - 812, k + 467 = 4*j + 3772. Let o = j - -1393. What is the tens digit of o?
6
Let n(o) = 19*o**2 + 498*o - 44. What is the units digit of n(-48)?
8
Suppose -5*d + b + 526 = 0, -2*b = -8 - 0. Let a = 0 + d. Let x = -67 + a. What is the tens digit of x?
3
Let y = -97 - -97. Suppose 68 = z - 2*o - 41, 3*o - 6 = y. What is the hundreds digit of z?
1
Let r = 596 + -585. Suppose 10639 = r*d - 1824. What is the units digit of d?
3
Suppose 4*h + 11*k - 7*k = 0, 2*h = -4*k - 10. Suppose -f = -4*y + 285, 4*f = h*f + 5. What is the tens digit of y?
7
Let u(s) = -s**3 + 2*s**2 + 2*s + 58. Let f be u(0). Let z = f + -118. Let m = z - -94. What is the units digit of m?
4
Let d be (-3 - (-12)/3)*-1. Let x(w) = -169*w**2 - w - 1. Let o be x(d). Let q = -98 - o. What is the tens digit of q?
7
Let m = -11194 - -17499. What is the tens digit of m?
0
Suppose -4*d - 5*c - 2 = -0*d, -14 = -2*d + 5*c. What is the units digit of 8/10 + d/10 - -151?
2
Suppose 5*d + 3*y - y - 1984 = 0, 0 = -2*d - 2*y + 796. Suppose -7*w + 3*o = -5*w - d, 3*o + 588 = 3*w. What is the tens digit of w?
9
Suppose -2*x - 3982 = -13188. What is the thousands digit of x?
4
Let a(m) = 9629*m**2 - 473*m + 473. What is the units digit of a(1)?
9
Suppose -15338 + 3578 = -10*p. Let n = 1697 - p. What is the units digit of n?
1
Let y(t) = -6*t**3 + 299*t**2 + 3*t - 42. What is the thousands digit of y(49)?
2
Suppose -12*y - 390797 - 49180 = -29*y. What is the thousands digit of y?
5
Let n = -500 + 701. Suppose 91 = a - 3*d - n, 2*d = -5*a + 1375. Suppose -4*f - 320 = y - 6*y, -4*y - f = -a. What is the units digit of y?
8
Suppose 0 = 5*c - 15, -26*q + 12447 = -23*q + 5*c. What is the units digit of q?
4
Suppose 0 = -2*p + 53*p - p - 283100. What is the hundreds digit of p?
6
Suppose -4*l - p + 99 = -6*p, 4*l - 114 = 2*p. Let h(g) = 95*g - 37*g + 20 - l*g. What is the units digit of h(2)?
4
Let m(p) = 3*p**2 - 16*p - 78. Let l = 30 + -39. What is the tens digit of m(l)?
0
Let v = 146 - 139. Suppose 0 = -v*z - 1442 + 3549. What is the hundreds digit of z?
3
Suppose -7*t + 27 + 15 = 0. Suppose o = -2*z - 3, z = 2*o - t + 2. What is the units digit of (-3 + (-5)/z)*116/(-2)?
9
Let v(j) = 576*j - 1501. What is the hundreds digit of v(18)?
8
Let n = 9995 + -9984. Let p(a) = -a - 6. Let s be p(-6). Suppose -3*d + n + 19 = s. What is the tens digit of d?
1
Let h(t) = 87*t**2 - 11*t + 4. Let b be (-72)/12*(-2)/(-3). Let j be h(b). What is the tens digit of 1/((-3)/j*-4)?
2
Let o(z) be the second derivative of -z**5/20 - z**4/2 + 5*z**3/3 + 2*z**2 + 65*z. What is the hundreds digit of o(-9)?
1
Suppose -3*x + 4*l - 3*l + 22 = 0, 0 = -5*l - 20. Suppose -14 = -4*p + x. Suppose -2*b - p*q = -481, 4*b - 1004 = -3*q + 7*q. What is the units digit of b?
8
Suppose t - 4*t + 567 = -3*p, -3*p - 543 = 3*t. Let c = p - -423. What is the hundreds digit of c?
2
Suppose 4*x - 12 = 4. Suppose -4*c - 226 = -1046. Suppose -x*p - c = -9*p. What is the units digit of p?
1
Suppose 2*i - 762 = 3630. Suppose 2200 = 4*z - j - 3*j, 4*z - 2*j - i = 0. What is the units digit of z?
8
Let c = 1231 - -1981. What is the hundreds digit of c?
2
Let z(p) = p**3 - 8*p + 6. Let i be z(3). Suppose -i*o - 241 = -3211. What is the tens digit of o?
3
Let o = -149 - -149. Suppose o = 3*d - 1498 + 1186. What is the units digit of d?
4
Suppose -7*y + 35 - 7 = 0. Suppose -3*r - y*p = -783, 2*r - 526 = -3*p - p. What is the tens digit of r?
5
What is the hundreds digit of (-41244)/3*(2626/(-104) + 23)?
9
Let i(s) = -s**3 + 79*s**2 + 20*s + 13. What is the tens digit of i(78)?
5
Let y = 149 - 145. Suppose 3*x = 2*b + 1198, 5*x - y*b = -8*b + 1982. What is the units digit of x?
8
Let o(f) = 444*f + 879. What is the thousands digit of o(72)?
2
Suppose -3*n = 2*l + 945 - 17904, 5*n - 5 = 0. What is the thousands digit of l?
8
Let g be (-7)/(-56) - 78/(-16). Suppose 6*x = 2*x + 2*a + 38, 0 = g*x - 5*a - 55. What is the units digit of (-8 + 0)/(7 - x)?
8
Let s be 905 + (-1 - -2 - 6). Suppose -2*d = -4*c + 1344, 220 = -2*c - d + s. What is the units digit of c?
8
Let h(l) = 281*l**2 + 3*l - 2. Let x be h(1). Suppose w = x + 386. Suppose 0 = -5*y + c + w, 0 = -2*c - 3 - 3. What is the hundreds digit of y?
1
Suppose 56*g - 43812 = 42372. What is the hundreds digit of g?
5
Let l(i) = 5*i - 3*i - 120*i**3 + 148*i**2 + 1 + 154*i**2 - 301*i**2. What is the hundreds digit of l(-1)?
1
Let o = 29330 - 13602. What is the thousands digit of o?
5
Let x = -284 + 288. Suppose -206 = -x*y + 490. What is the hundreds digit of y?
1
Let m = -458 - -1009. Suppose -4*w = 4*s - m - 1345, 3*w - 4*s - 1401 = 0. Suppose l = -0*l + 3, -3*l = -5*h + w. What is the units digit of h?
6
Suppose 164024 = 101*t - 73*t. What is the units digit of t?
8
Let d(o) = -3*o + 19. Let z be d(8). Let p be -1 - (z + (1 - -3)). Suppose -3*g + t + 18 = -2*t, 5*g + 3*t - 62 = p. What is the units digit of g?
0
Let b(g) = 1 + 17*g**2 - g**2 + 12*g**2 + 8*g**2 - 21*g. What is the units digit of b(-4)?
1
Let b(o) = -133*o**3 + 7*o**2 + 54*o + 287. What is the units digit of b(-7)?
1
Suppose -5*n = j + 17, 5*n + 18 = 2*j + 2*n. Suppose 4*o - 3*q + 401 = 2087, 3*o = j*q + 1266. What is the units digit of o?
0
Suppose -9*m = -116671 - 246965 - 55332. What is the ten thousands digit of m?
4
Let c(q) = 13*q**2 - 170*q - 31. What is the thousands digit of c(18)?
1
Let p(b) = 40*b. Let i be p(0). Suppose -26*s - 5*s + 26505 = i. What is the hundreds digit of s?
8
Let a(s) = -3*s + 6. Suppose 0 = -w + 15 - 9. Suppose -w - 53 = 2*m - 5*g, -3*m - 97 = g. What is the tens digit of a(m)?
0
Let y = 87940 - 129. What is the thousands digit of y?
7
Let f(b) = -b**2 - 13*b + 53. Let v be f(-16). Suppose -4*t - 5*u = -127, -6*t + v*u = -t - 170. Let m = 6 + t. What is the units digit of m?
9
Suppose r + 23*k - 19*k = 1384, 5*r = k + 7025. Suppose -h + y = -708, -11*y + r = 2*h - 7*y. What is the hundreds digit of h?
7
Let x(u) = -u**3 - 31*u**2 + 61*u - 594. What is the tens digit of x(-43)?
7
Let o = -58 + 64. Suppose 0 = -o*h + 293 + 1759. What is the units digit of h?
2
Let w(q) = q**3 + 21*q**2 - 73*q + 25. What is the hundreds digit of w(-13)?
3
Suppose 0 = -59*j + 56*j + 5*s + 2647, j = 4*s + 894. 